.
7, 9157
What are the prime factors of 19604?
2, 13, 29
What are the prime factors of 1142?
2, 571
What are the prime factors of 8914?
2, 4457
List the prime factors of 83663.
83663
What are the prime factors of 9448?
2, 1181
List the prime factors of 3773.
7, 11
What are the prime factors of 30949?
30949
What are the prime factors of 4069?
13, 313
List the prime factors of 23452.
2, 11, 13, 41
List the prime factors of 1785.
3, 5, 7, 17
What are the prime factors of 3494?
2, 1747
What are the prime factors of 24036?
2, 3, 2003
List the prime factors of 31160.
2, 5, 19, 41
What are the prime factors of 7641?
3, 283
List the prime factors of 125671.
7, 13, 1381
What are the prime factors of 1263?
3, 421
List the prime factors of 1093.
1093
What are the prime factors of 2602?
2, 1301
What are the prime factors of 3339?
3, 7, 53
What are the prime factors of 544?
2, 17
List the prime factors of 6067.
6067
What are the prime factors of 139476?
2, 3, 59, 197
List the prime factors of 1839.
3, 613
List the prime factors of 608.
2, 19
List the prime factors of 6393.
3, 2131
What are the prime factors of 15178?
2, 7589
What are the prime factors of 10950?
2, 3, 5, 73
List the prime factors of 2985.
3, 5, 199
What are the prime factors of 843?
3, 281
What are the prime factors of 14839?
11, 19, 71
List the prime factors of 2852.
2, 23, 31
What are the prime factors of 3694?
2, 1847
List the prime factors of 119354.
2, 83, 719
What are the prime factors of 54330?
2, 3, 5, 1811
What are the prime factors of 1963?
13, 151
What are the prime factors of 1147?
31, 37
List the prime factors of 127638.
2, 3, 7, 1013
What are the prime factors of 2137?
2137
List the prime factors of 2381.
2381
List the prime factors of 811.
811
List the prime factors of 52788.
2, 3, 53, 83
List the prime factors of 8992.
2, 281
List the prime factors of 914.
2, 457
List the prime factors of 486.
2, 3
What are the prime factors of 1107?
3, 41
What are the prime factors of 4437?
3, 17, 29
List the prime factors of 81052.
2, 23, 881
What are the prime factors of 1483?
1483
What are the prime factors of 95?
5, 19
What are the prime factors of 2144?
2, 67
What are the prime factors of 20427?
3, 11, 619
List the prime factors of 5657.
5657
What are the prime factors of 253?
11, 23
List the prime factors of 11025.
3, 5, 7
List the prime factors of 46194.
2, 3, 7699
List the prime factors of 709.
709
What are the prime factors of 1080?
2, 3, 5
List the prime factors of 34005.
3, 5, 2267
What are the prime factors of 7482?
2, 3, 29, 43
What are the prime factors of 4517?
4517
What are the prime factors of 469?
7, 67
What are the prime factors of 1174?
2, 587
What are the prime factors of 13298?
2, 61, 109
What are the prime factors of 4883?
19, 257
List the prime factors of 2414.
2, 17, 71
List the prime factors of 4570.
2, 5, 457
List the prime factors of 100460.
2, 5, 5023
What are the prime factors of 40179?
3, 59, 227
What are the prime factors of 3839?
11, 349
What are the prime factors of 3975?
3, 5, 53
List the prime factors of 72552.
2, 3, 3023
List the prime factors of 94707.
3, 17, 619
List the prime factors of 9399.
3, 13, 241
What are the prime factors of 3225?
3, 5, 43
List the prime factors of 1262.
2, 631
List the prime factors of 23431.
23431
What are the prime factors of 941?
941
List the prime factors of 12038.
2, 13, 463
List the prime factors of 16585.
5, 31, 107
What are the prime factors of 58565?
5, 13, 17, 53
What are the prime factors of 5183?
71, 73
What are the prime factors of 5170?
2, 5, 11, 47
List the prime factors of 23377.
97, 241
What are the prime factors of 2333?
2333
What are the prime factors of 10921?
67, 163
List the prime factors of 13859.
13859
List the prime factors of 163.
163
What are the prime factors of 80260?
2, 5, 4013
What are the prime factors of 62937?
3, 7, 37
List the prime factors of 4740.
2, 3, 5, 79
List the prime factors of 2605.
5, 521
What are the prime factors of 11346?
2, 3, 31, 61
List the prime factors of 121940.
2, 5, 7, 13, 67
List the prime factors of 5613.
3, 1871
List the prime factors of 20311.
19, 1069
What are the prime factors of 164260?
2, 5, 43, 191
What are the prime factors of 59519?
53, 1123
List the prime factors of 125.
5
List the prime factors of 3232.
2, 101
List the prime factors of 10418.
2, 5209
What are the prime factors of 27606?
2, 3, 43, 107
List the prime factors of 38805.
3, 5, 13, 199
List the prime factors of 113919.
3, 13, 23, 127
List the prime factors of 5611.
31, 181
What are the prime factors of 168249?
3, 17, 3299
List the prime factors of 18505.
5, 3701
List the prime factors of 4924.
2, 1231
List the prime factors of 2771.
17, 163
What are the prime factors of 3123?
3, 347
What are the prime factors of 28308?
2, 3, 7, 337
What are the prime factors of 13809?
3, 4603
What are the prime factors of 14095?
5, 2819
List the prime factors of 712.
2, 89
What are the prime factors of 623?
7, 89
List the prime factors of 143685.
3, 5, 31, 103
What are the prime factors of 1392?
2, 3, 29
List the prime factors of 48673.
48673
List the prime factors of 15710.
2, 5, 1571
List the prime factors of 16440.
2, 3, 5, 137
List the prime factors of 130.
2, 5, 13
List the prime factors of 23404.
2, 5851
What are the prime factors of 17488?
2, 1093
What are the prime factors of 7947?
3, 883
What are the prime factors of 11914?
2, 7, 23, 37
What are the prime factors of 5343?
3, 13, 137
List the prime factors of 733.
733
What are the prime factors of 58057?
58057
List the prime factors of 2922.
2, 3, 487
List the prime factors of 504.
2, 3, 7
List the prime factors of 56832.
2, 3, 37
List the prime factors of 264.
2, 3, 11
List the prime factors of 14081.
14081
What are the prime factors of 25758?
2, 3, 53
What are the prime factors of 89?
89
What are the prime factors of 8264?
2, 1033
List the prime factors of 31702.
2, 11, 131
What are the prime factors of 43441?
43441
List the prime factors of 3339.
3, 7, 53
What are the prime factors of 10067?
10067
What are the prime factors of 18972?
2, 3, 17, 31
List the prime factors of 7729.
59, 131
List the prime factors of 19009.
19009
List the prime factors of 10089.
3, 19, 59
What are the prime factors of 24884?
2, 6221
What are the prime factors of 7606?
2, 3803
What are the prime factors of 2704?
2, 13
List the prime factors of 1261.
13, 97
What are the prime factors of 1463?
7, 11, 19
List the prime factors of 818.
2, 409
What are the prime factors of 11889?
3, 1321
What are the prime factors of 11377?
31, 367
What are the prime factors of 126999?
3, 103, 137
List the prime factors of 815.
5, 163
What are the prime factors of 4025?
5, 7, 23
List the prime factors of 121654.
2, 13, 4679
What are the prime factors of 82332?
2, 3, 2287
List the prime factors of 81672.
2, 3, 41, 83
List the prime factors of 1711.
29, 59
What are the prime factors of 90?
2, 3, 5
What are the prime factors of 25504?
2, 797
List the prime factors of 1062.
2, 3, 59
What are the prime factors of 99?
3, 11
List the prime factors of 6527.
61, 107
List the prime factors of 277.
277
List the prime factors of 1635.
3, 5, 109
List the prime factors of 128.
2
What are the prime factors of 2506?
2, 7, 179
What are the prime factors of 1863?
3, 23
What are the prime factors of 113266?
2, 56633
List the prime factors of 7181.
43, 167
What are the prime factors of 3812?
2, 953
What are the prime factors of 5345?
5, 1069
List the prime factors of 79663.
29, 41, 67
What are the prime factors of 21440?
2, 5, 67
List the prime factors of 39731.
67, 593
What are the prime factors of 13941?
3, 1549
List the prime factors of 990.
2, 3, 5, 11
List the prime factors of 87.
3, 29
What are the prime factors of 14308?
2, 7, 73
What are the prime factors of 40020?
2, 3, 5, 23, 29
What are the prime factors of 6917?
6917
What are the prime factors of 1411?
17, 83
List the prime factors of 2897.
2897
List the prime factors of 9310.
2, 5, 7, 19
List the prime factors of 622.
2, 311
What are the prime factors of 1261?
13, 97
List the prime factors of 12028.
2, 31, 97
What are the prime factors of 198139?
198139
List the prime factors of 2348.
2, 587
List the prime factors of 1680.
2, 3, 5, 7
What are the pr